0*f**2 + f - 12. What is the hundreds digit of i(8)?
1
Let u = 2 - -1. Suppose -n - 23 = -5*i, -i = -0*i + u*n + 5. Suppose 5*w - b - 26 = 0, 3*b - 30 = -i*w + 6. What is the units digit of w?
6
Let x = 18 + 32. What is the units digit of x?
0
Let t = -3 + 25. What is the units digit of t?
2
Let s be (-30)/(-7) - (-8)/(-28). Suppose -s*b + 6 = -30. What is the units digit of b?
9
Suppose -j + 8 = -4*u + 5*u, -20 = -3*u - 4*j. What is the tens digit of u?
1
Let f(q) = -q - 5. Let c be f(-8). Suppose 21 = c*n - 2*l, 4*l + 15 = 2*n + n. What is the units digit of n?
9
Suppose 5*d + n + 2*n = 40, 2*d - 16 = -5*n. What is the units digit of d?
8
Let g(w) = -w**3 - 8*w**2 + 6*w - 7. Let l(x) = x**3 + x**2 + x + 1. Let d(h) = g(h) + 2*l(h). What is the tens digit of d(5)?
1
Let k be 5/(-15) + (-34)/6. Let b = k + 15. What is the units digit of b?
9
Let g = 79 - 19. What is the units digit of g?
0
What is the tens digit of (-52)/(2 + -1 + -3)?
2
Let b = 231 - -159. What is the units digit of b?
0
Let r(b) = -9*b + 7. What is the tens digit of r(-5)?
5
What is the units digit of 6 + 21 + 0 + -3?
4
Suppose 28 = 4*t - 0*t. What is the units digit of t?
7
Let a(h) be the first derivative of h**4/4 - 14*h**3/3 - 11*h**2/2 - 17*h - 8. What is the units digit of a(15)?
3
Let o(g) = g**2 - 2. Let s be o(-4). Let h = 22 - s. Suppose -c = c - h. What is the units digit of c?
4
Let r be 8 - (0 + 1 + 2). Suppose 4*o = r*b + 58, b + 0 - 10 = -o. What is the units digit of o?
2
Let f(o) be the third derivative of -o**4/24 + 6*o**2. What is the units digit of f(-3)?
3
Let z(k) = -k**3 - 4*k**2 - 2*k - 5. Let p = -3 - 1. Let h be z(p). Suppose -9 = -4*n - 4*x + 7, 0 = 2*n + h*x - 6. What is the units digit of n?
6
Let c be 2/(-5) + (-17)/(-5). Suppose c*j + 4 = 4*b, -j = 2*b + 3*j - 2. What is the units digit of b?
1
Let v(n) = -n**3 - 4*n**2 + 2*n + 6. Let x be v(-5). Let h be (-2)/(-7) + (-27)/x. What is the units digit of h*(1 + -2)/1?
1
Let u = 11 + -15. Let o = 19 + u. What is the units digit of o?
5
Suppose -4 = d + 5. Let t(x) be the first derivative of -x**2/2 - 7*x - 4. What is the units digit of t(d)?
2
Let r = -66 - -21. What is the units digit of 10/(-4)*702/r?
9
Let g = 85 - 78. What is the units digit of g?
7
Let t(b) = b**2 - 3*b - 3. Suppose -3*p - 2*p + 30 = 0. What is the units digit of t(p)?
5
Let z = 6 - 2. Suppose 0 = 3*d - z*d + 2. What is the units digit of d?
2
Let p(u) = u - 7. Let j be p(7). Suppose 5*d + 29 - 104 = j. Suppose -5*l = -4*i - 21, i - 6 = -4*l + d. What is the units digit of l?
5
Let y(j) = -21*j - 2. Let w = -4 + 2. Let c be y(w). Let r = c + -27. What is the tens digit of r?
1
Let p = 0 - -25. Suppose -o - 2*o + p = 2*z, -z - 4*o + 10 = 0. What is the tens digit of z?
1
Let b be (-5 - -2) + 11 - 3. Suppose -4 = -c - n + 2, 0 = -2*c + b*n - 23. What is the units digit of c?
1
Suppose 7 = -5*c + 4*c. Let w(y) = y**3 + 8*y**2 + 5*y + 5. What is the units digit of w(c)?
9
Let f(q) = -45*q - 1. Let i be f(-1). Suppose 4*z = -3*k + i, 3 = k - z - 0*z. Suppose -5 = 5*a - 5*m, 3*a - 2*m = 4*a - k. What is the units digit of a?
2
Let l = 59 + -39. Suppose 8*n - l = 3*n. What is the units digit of n?
4
Suppose -10 + 2 = 4*y. Let w be (-1 - 0) + y + 4. What is the tens digit of (23 + w)*5/10?
1
What is the units digit of 20/(-25)*130/(-4)?
6
Let t(p) = -175*p + 3. What is the units digit of t(-1)?
8
Let g(d) be the first derivative of d**2 - 1. Let h be g(2). Suppose -h*o + t + 62 = 0, o + 4*o + t = 82. What is the tens digit of o?
1
Let l(r) = -r**2 + 10*r + 2. Let u be l(9). Let s = -1 + u. What is the units digit of s?
0
Let d(u) = -5*u - 6. What is the units digit of d(-11)?
9
Suppose 3*f = 1 + 44. Let i be 1 - 5/(f/(-12)). Let n(r) = -r**3 + 5*r**2 + 2*r - 3. What is the units digit of n(i)?
7
Let g = 30 - -32. What is the tens digit of g?
6
Suppose 3*z = z - 3*p + 220, -3*z = 3*p - 330. What is the units digit of z?
0
Suppose 2*x - h = 96, 0 = -6*x + 3*x + 4*h + 149. What is the tens digit of x?
4
Let g(r) = -r**3 - 6*r**2 - 5*r - 3. Let o be g(-5). Let c = 9 + o. What is the units digit of c?
6
Let h be (-2 - -3) + -1 + 2. Suppose -h*r = -7*r. What is the units digit of 1*(1 + r)*5?
5
Suppose -3*w + w - 20 = 0. Let b be (-36)/w*10/1. Suppose 0*r + b = 3*r. What is the tens digit of r?
1
Let g(z) = 2*z + 4. Let n be g(-11). Let o = n + 13. What is the units digit of 114/10 + (-3)/o?
2
Suppose 328 = 15*k - 11*k. What is the units digit of k?
2
Let m(p) = 2*p**2 - 1. Let k(j) = -j**2 - j - 1. Let r(n) = -3*k(n) - m(n). Let x be r(-3). What is the units digit of (x + -2)/((-4)/(-6))?
3
Suppose 4*o = -6 + 22. Suppose 0*l - 4*g = -2*l + 18, 2*g + 48 = o*l. What is the units digit of l?
3
Suppose 0 = -j + 6*j. Suppose -2*w + 6*w - 184 = j. What is the units digit of w?
6
Let a be 0/(7/(7/(-2))). Suppose -j = -a*j - 9. What is the units digit of j?
9
Let l(x) = -x + 14. Let h be l(10). Suppose -4*u + 35 = -0*d + 3*d, 4 = -h*u. What is the tens digit of d?
1
Suppose 0 = -m + 6 - 2. Let f be (-18)/m*(-5 - -3). Suppose -3 = 2*w - f. What is the units digit of w?
3
Suppose 4*y - 10 = -b, 2*y = b - 0*y + 2. Suppose p + 22 - 8 = 4*o, -b*o - p = -10. What is the units digit of o?
4
Let f(t) be the first derivative of t**3/3 - 6*t**2 - 10*t + 3. What is the units digit of f(13)?
3
Let w = 806 + -549. What is the units digit of w?
7
Let d be (-4)/6 - (-20)/(-6). What is the units digit of -2*d/((-8)/(-11))?
1
Let b(o) = -3*o + 7*o**2 + 0*o + o**3 - 4*o + 10. What is the units digit of b(-8)?
2
Let h(k) = k**2 - 4*k - 7. Let b be h(6). Let u(v) = -v**3 + 0*v**3 + v + 5*v - b - 6*v**2. What is the units digit of u(-7)?
2
Let w = -63 + 97. What is the tens digit of w?
3
Let k be (-68)/(-6) - 2/6. Let b = 16 - k. What is the units digit of -1 - (-4)/(4/b)?
4
Let m = -63 - -114. What is the units digit of m?
1
Let s = -18 - -36. What is the units digit of s?
8
Let o(a) = a**3 + 37*a**2 + 67*a - 31. What is the tens digit of o(-35)?
7
Let l(n) = 7*n**2 - 12*n + 6. Let m(g) = g**2 - g + 1. Let s(t) = -l(t) + 6*m(t). What is the units digit of s(3)?
9
Suppose 2*i - 5*o - 76 = 81, 4*i - 244 = -4*o. Suppose 5*p - i = -l, 4 = -2*l + l. What is the tens digit of p?
1
Let o(h) = -h + 1. Let v be o(-8). What is the units digit of 303/v + 2/6?
4
What is the tens digit of 26 - (-4)/(2/(-2))?
2
Suppose -4*y + 5*q = -3*y - 52, 0 = -y - 4*q + 34. What is the units digit of y?
2
What is the units digit of -3*(910/(-15))/7?
6
Suppose -2*c - 3 = -t - 14, 3*t = 4*c - 27. Let w = c + 1. What is the units digit of w?
4
Let r be (-3 + 2)/(-1) + 3. Suppose -r*x = -4*b, 5*x + 3*b = -0*x + 40. Suppose 2*h - x*h + 30 = 0. What is the tens digit of h?
1
Suppose 0 = -5*c + 4*a - 199, a - 4 = -3*a. Let x = c - -56. What is the tens digit of x?
1
Suppose -9 = -3*s + 6*s. What is the units digit of (-13)/39*38*s?
8
Let v be 7 + (-2 - -2) + -2. Suppose -v*b + 2 = -3*b. Let l = b - -1. What is the units digit of l?
2
Suppose 5*h - 77 = 4*d + 279, -h = 2*d + 164. What is the units digit of d/(-20) - (-2)/(-10)?
4
Let g(m) be the second derivative of 5*m**4/12 - m**3/6 - m**2/2 - 4*m. What is the units digit of g(2)?
7
Let v be 89/(-5) - 2/10. Let t be (-15)/2*v/15. Let g = t - 4. What is the units digit of g?
5
What is the units digit of 4/(-12) - 75/(-9)?
8
Let s(j) = -2 - 12*j - 1 + 2 + 0. What is the tens digit of s(-1)?
1
Suppose -3*u - 90 = -o - 380, -5*u - 3*o + 474 = 0. Suppose 4*i = u - 24. What is the tens digit of i?
1
Let s = -13 - -44. What is the tens digit of s?
3
Let o(r) = 4*r**2 + 1. Let y be -2*(3/(-1))/3. Let x be o(y). Let n = x + -9. What is the units digit of n?
8
Let k(d) = 2*d - 1. Let j(o) = -o**3 + 6*o**2 + 8*o - 10. Let p be j(7). Let i = p + 10. What is the tens digit of k(i)?
1
Suppose 4 = 2*o + 4*a, 2*a - 2 = -2*o - 0*a. Suppose o = -4*m - m + 50. What is the tens digit of m?
1
Suppose j = -a + 2*a - 18, -5*j - 5 = 0. What is the tens digit of a?
1
Let l(w) = -w - 2. What is the tens digit of l(-14)?
1
Suppose -5*z - 16 = -2*a + 15, -2*z = a - 2. What is the units digit of a?
8
Let z(x) = x**2 + x + 34. What is the tens digit of z(-15)?
4
Let d(n) = 1 - 3*n - 1 + 6 + 4*n. Let v be d(8). Let i = v - 5. What is the units digit of i?
9
Suppose -3*h = 3